List the prime factors of 1156071.
3, 7, 55051
List the prime factors of 2791169.
37, 75437
What are the prime factors of 2495194?
2, 13, 19, 5051
List the prime factors of 823287.
3, 37, 7417
List the prime factors of 5284039.
41, 128879
What are the prime factors of 25148858?
2, 7, 29, 8849
What are the prime factors of 29582035?
5, 7, 47, 367
List the prime factors of 12064852.
2, 491, 6143
What are the prime factors of 5367159?
3, 7, 85193
List the prime factors of 933329.
933329
List the prime factors of 189560.
2, 5, 7, 677
List the prime factors of 52183.
52183
List the prime factors of 20640498.
2, 3, 19, 331, 547
What are the prime factors of 1591263?
3, 176807
List the prime factors of 289473.
3, 47, 2053
List the prime factors of 849461.
849461
List the prime factors of 5512576.
2, 43067
List the prime factors of 497722.
2, 248861
What are the prime factors of 100325?
5, 4013
What are the prime factors of 2231867?
11, 137, 1481
List the prime factors of 945067.
479, 1973
What are the prime factors of 12416624?
2, 11, 70549
What are the prime factors of 177740?
2, 5, 8887
What are the prime factors of 508096?
2, 17, 467
List the prime factors of 2916258.
2, 3, 486043
List the prime factors of 75753.
3, 19, 443
List the prime factors of 1736280.
2, 3, 5, 7, 13, 53
List the prime factors of 45109.
79, 571
List the prime factors of 9806579.
23, 647, 659
What are the prime factors of 810377?
810377
What are the prime factors of 245857?
47, 5231
What are the prime factors of 458180?
2, 5, 31, 739
List the prime factors of 2486793.
3, 359, 2309
List the prime factors of 7785088.
2, 60821
List the prime factors of 183881.
183881
List the prime factors of 2931404.
2, 7, 104693
List the prime factors of 2904383.
67, 647
What are the prime factors of 422816?
2, 73, 181
List the prime factors of 74231.
74231
List the prime factors of 911414.
2, 7, 65101
What are the prime factors of 4070437?
7, 581491
List the prime factors of 664908.
2, 3, 67, 827
List the prime factors of 18869396.
2, 7, 13, 51839
List the prime factors of 6223672.
2, 7, 13, 83, 103
What are the prime factors of 673162?
2, 7, 6869
List the prime factors of 267706.
2, 133853
List the prime factors of 1434059.
11, 130369
What are the prime factors of 1098870?
2, 3, 5, 36629
What are the prime factors of 1492300?
2, 5, 14923
List the prime factors of 3283584.
2, 3, 17, 503
What are the prime factors of 922279?
19, 48541
What are the prime factors of 85765?
5, 17, 1009
List the prime factors of 6276492.
2, 3, 174347
List the prime factors of 955014.
2, 3, 159169
List the prime factors of 4794354.
2, 3, 266353
List the prime factors of 7182267.
3, 263, 9103
What are the prime factors of 198059?
31, 6389
What are the prime factors of 313513?
23, 43, 317
What are the prime factors of 9475789?
9475789
What are the prime factors of 618088?
2, 77261
List the prime factors of 173054.
2, 7, 47, 263
List the prime factors of 243363.
3, 23, 3527
What are the prime factors of 1317444?
2, 3, 101, 1087
What are the prime factors of 193730?
2, 5, 19373
What are the prime factors of 923951?
7, 19, 6947
What are the prime factors of 1307313?
3, 7, 6917
List the prime factors of 408412.
2, 102103
What are the prime factors of 664609?
11, 31, 1949
List the prime factors of 12592493.
1319, 9547
List the prime factors of 4263.
3, 7, 29
List the prime factors of 769836.
2, 3, 64153
What are the prime factors of 464008?
2, 31, 1871
What are the prime factors of 6937991?
991, 7001
What are the prime factors of 446452?
2, 239, 467
What are the prime factors of 37966?
2, 41, 463
What are the prime factors of 4552329?
3, 53, 28631
What are the prime factors of 2027433?
3, 19, 35569
What are the prime factors of 4421141?
4421141
List the prime factors of 244819.
137, 1787
List the prime factors of 1445215.
5, 29, 9967
What are the prime factors of 1444590?
2, 3, 5, 7, 2293
What are the prime factors of 10922215?
5, 37, 43, 1373
List the prime factors of 17257913.
53, 59, 5519
What are the prime factors of 74784?
2, 3, 19, 41
List the prime factors of 11497790.
2, 5, 1149779
List the prime factors of 8812925.
5, 11, 73, 439
What are the prime factors of 782681?
29, 137, 197
List the prime factors of 770313.
3, 256771
List the prime factors of 147143.
269, 547
What are the prime factors of 273746?
2, 11, 23, 541
List the prime factors of 283189.
503, 563
List the prime factors of 441505.
5, 88301
List the prime factors of 11903848.
2, 11, 135271
What are the prime factors of 119838?
2, 3, 19973
List the prime factors of 516357.
3, 57373
What are the prime factors of 274289?
103, 2663
What are the prime factors of 4942?
2, 7, 353
What are the prime factors of 7675099?
7675099
List the prime factors of 1151962.
2, 7, 107, 769
What are the prime factors of 355888?
2, 13, 29, 59
What are the prime factors of 29880?
2, 3, 5, 83
What are the prime factors of 22166802?
2, 3, 7, 23, 7649
List the prime factors of 19955469.
3, 37, 179779
What are the prime factors of 29209863?
3, 239, 40739
What are the prime factors of 2133238?
2, 1066619
List the prime factors of 36745520.
2, 5, 7, 65617
List the prime factors of 19141836.
2, 3, 7, 181, 1259
What are the prime factors of 25335?
3, 5, 563
What are the prime factors of 169091?
13, 13007
List the prime factors of 217936.
2, 53, 257
List the prime factors of 2054341.
2054341
What are the prime factors of 400406?
2, 19, 41, 257
What are the prime factors of 20692338?
2, 3, 1297, 2659
What are the prime factors of 2328097?
97, 24001
List the prime factors of 617473.
617473
What are the prime factors of 17059233?
3, 5686411
What are the prime factors of 287729?
13, 22133
What are the prime factors of 117253?
37, 3169
What are the prime factors of 304433?
304433
What are the prime factors of 724411?
47, 15413
List the prime factors of 7686124.
2, 1921531
What are the prime factors of 4979142?
2, 3, 7, 43, 919
List the prime factors of 6446248.
2, 131, 6151
List the prime factors of 266343.
3, 7, 11, 1153
What are the prime factors of 725912?
2, 11, 73, 113
What are the prime factors of 2406807?
3, 13, 6857
What are the prime factors of 586060?
2, 5, 29303
List the prime factors of 17150062.
2, 8575031
List the prime factors of 2103090.
2, 3, 5, 11, 6373
List the prime factors of 5076750.
2, 3, 5, 7, 967
What are the prime factors of 350752?
2, 97, 113
List the prime factors of 3489657.
3, 29, 40111
What are the prime factors of 8091818?
2, 7, 167, 3461
What are the prime factors of 1974452?
2, 31, 15923
List the prime factors of 458277.
3, 173, 883
List the prime factors of 561211.
7, 80173
What are the prime factors of 1950578?
2, 7, 19, 7333
What are the prime factors of 103013?
31, 3323
What are the prime factors of 1227000?
2, 3, 5, 409
What are the prime factors of 31405283?
7, 13, 467, 739
What are the prime factors of 3632359?
97, 37447
What are the prime factors of 355883?
11, 32353
List the prime factors of 129305.
5, 11, 2351
What are the prime factors of 14721826?
2, 7, 1051559
What are the prime factors of 185624?
2, 23203
List the prime factors of 503535.
3, 5, 33569
List the prime factors of 1699707.
3, 461, 1229
List the prime factors of 166965.
3, 5, 11131
What are the prime factors of 38287781?
7, 1613, 3391
What are the prime factors of 581016?
2, 3, 43, 563
List the prime factors of 114600.
2, 3, 5, 191
What are the prime factors of 4196990?
2, 5, 7, 59957
What are the prime factors of 2110844?
2, 41, 61, 211
What are the prime factors of 2233317?
3, 19, 39181
List the prime factors of 217017.
3, 24113
List the prime factors of 1222805.
5, 244561
What are the prime factors of 21606654?
2, 3, 157, 22937
List the prime factors of 6929035.
5, 683, 2029
List the prime factors of 9260825.
5, 7, 52919
What are the prime factors of 227330?
2, 5, 127, 179
List the prime factors of 9583642.
2, 613, 7817
What are the prime factors of 181548?
2, 3, 41
List the prime factors of 2596749.
3, 19, 45557
List the prime factors of 757590.
2, 3, 5, 25253
List the prime factors of 1527400.
2, 5, 7, 1091
List the prime factors of 311870.
2, 5, 13, 2399
List the prime factors of 1165779.
3, 43177
What are the prime factors of 124079?
127, 977
List the prime factors of 51